{"id":5717,"date":"2022-08-11T17:22:55","date_gmt":"2022-08-11T17:22:55","guid":{"rendered":"https:\/\/rki.krtk.hun-ren.hu\/?post_type=projektek&#038;p=5717"},"modified":"2023-01-25T15:10:08","modified_gmt":"2023-01-25T15:10:08","slug":"ce-responsible-empowering-social-business-in-central-europe-2019-2022","status":"publish","type":"projektek","link":"https:\/\/rki.krtk.hun-ren.hu\/en\/projektek\/ce-responsible-empowering-social-business-in-central-europe-2019-2022\/","title":{"rendered":"CE RESPONSIBLE \u2013 EMPOWERING SOCIAL BUSINESS IN CENTRAL EUROPE (2019-2022)"},"content":{"rendered":"<p>Even though the project CE Responsible has ended in March 2022, it continues to connect successful entrepreneurs with social entrepreneurs through a developed platform, to make strong, long-term connections. It&#8217;s a win-win situation: while social entrepreneurs gain the knowledge and expertise they need, successful entrepreneurs create a new business environment and improve positive social impact. The main output enabling the synergies is the <a href=\"https:\/\/net4socialimpact.eu\/\">net4socialimpact.eu<\/a> platform. The website also contains coaching toolboxes and resources for both social entrepreneurs and altruistic ones.<\/p>\n<p>Very proud end-result of the project is also our Altruistic entrepreneurs\u2019 international association, whose objective is to establish a common platform in Central Europe for the promotion of altruistic entrepreneurship and encouraging long-term cooperation between altruistic and social entrepreneurs. <a href=\"https:\/\/net4socialimpact.eu\/\">You can join it here<\/a>, and become a part of the story!<\/p>\n<p>Project partners also developed and implemented three strategic documents for improving skills and competences which are: Central Europe roadmap for upscaling support to social entrepreneurship sector, Central Europe sustainable framework model supporting specifics of social entrepreneurship and Policy recommendations. In order to test the functionality of the resources and toolboxes, 11 project partners successfully implemented seven pilot actions for testing these tools, supporting both target groups in the process and building the initial network of entrepreneurs across Central Europe.<\/p>\n<p><span class=\"TextRun SCXW109857533 BCX0\" lang=\"HU-HU\" xml:lang=\"HU-HU\" data-contrast=\"none\"><span class=\"NormalTextRun SCXW109857533 BCX0\">The <\/span><span class=\"SpellingError SCXW109857533 BCX0\">research<\/span><span class=\"NormalTextRun SCXW109857533 BCX0\"> project is <\/span><span class=\"SpellingError SCXW109857533 BCX0\">funded<\/span> <span class=\"SpellingError SCXW109857533 BCX0\">by<\/span> <span class=\"SpellingError SCXW109857533 BCX0\">the <strong>Interreg Central Europe<\/strong><\/span><\/span><span class=\"LineBreakBlob BlobObject DragDrop SCXW109857533 BCX0\"><br class=\"SCXW109857533 BCX0\" \/><\/span><span class=\"TextRun SCXW109857533 BCX0\" lang=\"HU-HU\" xml:lang=\"HU-HU\" data-contrast=\"none\"><span class=\"NormalTextRun SCXW109857533 BCX0\">Duration: <\/span><\/span><strong><span class=\"TextRun SCXW109857533 BCX0\" lang=\"HU-HU\" xml:lang=\"HU-HU\" data-contrast=\"none\"><span class=\"NormalTextRun SCXW109857533 BCX0\">01.04<\/span><span class=\"NormalTextRun SCXW109857533 BCX0\">.2019 \u2013 31.03.2022<\/span><\/span><\/strong><span class=\"LineBreakBlob BlobObject DragDrop SCXW109857533 BCX0\"><br class=\"SCXW109857533 BCX0\" \/><\/span><span class=\"TextRun SCXW109857533 BCX0\" lang=\"HU-HU\" xml:lang=\"HU-HU\" data-contrast=\"none\"><span class=\"SpellingError SCXW109857533 BCX0\">Leader<\/span><span class=\"NormalTextRun SCXW109857533 BCX0\"> of <\/span><span class=\"SpellingError SCXW109857533 BCX0\">the<\/span><span class=\"NormalTextRun SCXW109857533 BCX0\"> project:<\/span><\/span> <strong><span class=\"TextRun SCXW109857533 BCX0\" lang=\"HU-HU\" xml:lang=\"HU-HU\" data-contrast=\"auto\"><span class=\"SpellingError SCXW109857533 BCX0\">E-Institute Institute for Comprehensive Development Solutions (Slovenia)<\/span><\/span><\/strong><span class=\"LineBreakBlob BlobObject DragDrop SCXW109857533 BCX0\"><br class=\"SCXW109857533 BCX0\" \/><\/span><span class=\"TextRun SCXW109857533 BCX0\" lang=\"HU-HU\" xml:lang=\"HU-HU\" data-contrast=\"none\"><span class=\"NormalTextRun SCXW109857533 BCX0\">Head of <\/span><span class=\"SpellingError SCXW109857533 BCX0\">Hungarian<\/span> <span class=\"SpellingError SCXW109857533 BCX0\">research<\/span> <span class=\"SpellingError SCXW109857533 BCX0\">group<\/span><span class=\"NormalTextRun SCXW109857533 BCX0\">:<strong> Tam\u00e1s Hardi and Bogl\u00e1rka Barsi\u00a0<\/strong><\/span><\/span><span class=\"LineBreakBlob BlobObject DragDrop SCXW109857533 BCX0\"><br class=\"SCXW109857533 BCX0\" \/><\/span><a href=\"https:\/\/www.interreg-central.eu\/Content.Node\/CE-RESPONSIBLE.html?fbclid=IwAR0dW17QMsRy5AKErSet7_JGZcgWmTu_7zsRCrY1UaL1g8fsx4oj2aC4N5c\" target=\"_blank\" rel=\"noopener\"><span class=\"TextRun SCXW109857533 BCX0\" lang=\"HU-HU\" xml:lang=\"HU-HU\" data-contrast=\"auto\"><span class=\"NormalTextRun SCXW109857533 BCX0\">Website of <\/span><span class=\"SpellingError SCXW109857533 BCX0\">the<\/span><span class=\"NormalTextRun SCXW109857533 BCX0\"> project<\/span><\/span><span class=\"EOP SCXW109857533 BCX0\" data-ccp-props=\"{&quot;201341983&quot;:0,&quot;335559739&quot;:160,&quot;335559740&quot;:259}\">\u00a0<\/span><\/a><\/p>\n","protected":false},"excerpt":{"rendered":"<p>CE Responsible &#8211; Empowering Social Business in Central Europe project was funded by Interreg Central Europe <\/p>\n","protected":false},"featured_media":5718,"template":"","meta":{"_acf_changed":false,"inline_featured_image":false,"_links_to":"","_links_to_target":""},"categories":[430,215],"class_list":["post-5717","projektek","type-projektek","status-publish","has-post-thumbnail","hentry","category-horizon-europe-projects","category-international-projects"],"acf":[],"yoast_head":"<!-- This site is optimized with the Yoast SEO plugin v27.3 - https:\/\/yoast.com\/product\/yoast-seo-wordpress\/ -->\n<title>CE RESPONSIBLE \u2013 EMPOWERING SOCIAL BUSINESS IN CENTRAL EUROPE (2019-2022) - RKI<\/title>\n<meta name=\"robots\" content=\"index, follow, max-snippet:-1, max-image-preview:large, max-video-preview:-1\" \/>\n<link rel=\"canonical\" href=\"https:\/\/rki.krtk.hun-ren.hu\/en\/projektek\/ce-responsible-empowering-social-business-in-central-europe-2019-2022\/\" \/>\n<meta property=\"og:locale\" content=\"en_US\" \/>\n<meta property=\"og:type\" content=\"article\" \/>\n<meta property=\"og:title\" content=\"CE RESPONSIBLE \u2013 EMPOWERING SOCIAL BUSINESS IN CENTRAL EUROPE (2019-2022) - RKI\" \/>\n<meta property=\"og:description\" content=\"CE Responsible - Empowering Social Business in Central Europe project was funded by Interreg Central Europe\" \/>\n<meta property=\"og:url\" content=\"https:\/\/rki.krtk.hun-ren.hu\/en\/projektek\/ce-responsible-empowering-social-business-in-central-europe-2019-2022\/\" \/>\n<meta property=\"og:site_name\" content=\"RKI\" \/>\n<meta property=\"article:modified_time\" content=\"2023-01-25T15:10:08+00:00\" \/>\n<meta property=\"og:image\" content=\"https:\/\/rki.krtk.hun-ren.hu\/wp-content\/uploads\/2022\/08\/CE-RESPONSIBLE-RGB.jpg\" \/>\n\t<meta property=\"og:image:width\" content=\"793\" \/>\n\t<meta property=\"og:image:height\" content=\"299\" \/>\n\t<meta property=\"og:image:type\" content=\"image\/jpeg\" \/>\n<meta name=\"twitter:card\" content=\"summary_large_image\" \/>\n<meta name=\"twitter:label1\" content=\"Est. reading time\" \/>\n\t<meta name=\"twitter:data1\" content=\"2 minutes\" \/>\n<script type=\"application\/ld+json\" class=\"yoast-schema-graph\">{\"@context\":\"https:\\\/\\\/schema.org\",\"@graph\":[{\"@type\":\"WebPage\",\"@id\":\"https:\\\/\\\/rki.krtk.hun-ren.hu\\\/en\\\/projektek\\\/ce-responsible-empowering-social-business-in-central-europe-2019-2022\\\/\",\"url\":\"https:\\\/\\\/rki.krtk.hun-ren.hu\\\/en\\\/projektek\\\/ce-responsible-empowering-social-business-in-central-europe-2019-2022\\\/\",\"name\":\"CE RESPONSIBLE \u2013 EMPOWERING SOCIAL BUSINESS IN CENTRAL EUROPE (2019-2022) - RKI\",\"isPartOf\":{\"@id\":\"https:\\\/\\\/rki.krtk.hun-ren.hu\\\/#website\"},\"primaryImageOfPage\":{\"@id\":\"https:\\\/\\\/rki.krtk.hun-ren.hu\\\/en\\\/projektek\\\/ce-responsible-empowering-social-business-in-central-europe-2019-2022\\\/#primaryimage\"},\"image\":{\"@id\":\"https:\\\/\\\/rki.krtk.hun-ren.hu\\\/en\\\/projektek\\\/ce-responsible-empowering-social-business-in-central-europe-2019-2022\\\/#primaryimage\"},\"thumbnailUrl\":\"https:\\\/\\\/rki.krtk.hun-ren.hu\\\/wp-content\\\/uploads\\\/2022\\\/08\\\/CE-RESPONSIBLE-RGB.jpg\",\"datePublished\":\"2022-08-11T17:22:55+00:00\",\"dateModified\":\"2023-01-25T15:10:08+00:00\",\"inLanguage\":\"en-US\",\"potentialAction\":[{\"@type\":\"ReadAction\",\"target\":[\"https:\\\/\\\/rki.krtk.hun-ren.hu\\\/en\\\/projektek\\\/ce-responsible-empowering-social-business-in-central-europe-2019-2022\\\/\"]}]},{\"@type\":\"ImageObject\",\"inLanguage\":\"en-US\",\"@id\":\"https:\\\/\\\/rki.krtk.hun-ren.hu\\\/en\\\/projektek\\\/ce-responsible-empowering-social-business-in-central-europe-2019-2022\\\/#primaryimage\",\"url\":\"https:\\\/\\\/rki.krtk.hun-ren.hu\\\/wp-content\\\/uploads\\\/2022\\\/08\\\/CE-RESPONSIBLE-RGB.jpg\",\"contentUrl\":\"https:\\\/\\\/rki.krtk.hun-ren.hu\\\/wp-content\\\/uploads\\\/2022\\\/08\\\/CE-RESPONSIBLE-RGB.jpg\",\"width\":793,\"height\":299},{\"@type\":\"WebSite\",\"@id\":\"https:\\\/\\\/rki.krtk.hun-ren.hu\\\/#website\",\"url\":\"https:\\\/\\\/rki.krtk.hun-ren.hu\\\/\",\"name\":\"RKI\",\"description\":\"Region\u00e1lis Kutat\u00e1sok Int\u00e9zete\",\"potentialAction\":[{\"@type\":\"SearchAction\",\"target\":{\"@type\":\"EntryPoint\",\"urlTemplate\":\"https:\\\/\\\/rki.krtk.hun-ren.hu\\\/?s={search_term_string}\"},\"query-input\":{\"@type\":\"PropertyValueSpecification\",\"valueRequired\":true,\"valueName\":\"search_term_string\"}}],\"inLanguage\":\"en-US\"}]}<\/script>\n<!-- \/ Yoast SEO plugin. -->","yoast_head_json":{"title":"CE RESPONSIBLE \u2013 EMPOWERING SOCIAL BUSINESS IN CENTRAL EUROPE (2019-2022) - RKI","robots":{"index":"index","follow":"follow","max-snippet":"max-snippet:-1","max-image-preview":"max-image-preview:large","max-video-preview":"max-video-preview:-1"},"canonical":"https:\/\/rki.krtk.hun-ren.hu\/en\/projektek\/ce-responsible-empowering-social-business-in-central-europe-2019-2022\/","og_locale":"en_US","og_type":"article","og_title":"CE RESPONSIBLE \u2013 EMPOWERING SOCIAL BUSINESS IN CENTRAL EUROPE (2019-2022) - RKI","og_description":"CE Responsible - Empowering Social Business in Central Europe project was funded by Interreg Central Europe","og_url":"https:\/\/rki.krtk.hun-ren.hu\/en\/projektek\/ce-responsible-empowering-social-business-in-central-europe-2019-2022\/","og_site_name":"RKI","article_modified_time":"2023-01-25T15:10:08+00:00","og_image":[{"width":793,"height":299,"url":"https:\/\/rki.krtk.hun-ren.hu\/wp-content\/uploads\/2022\/08\/CE-RESPONSIBLE-RGB.jpg","type":"image\/jpeg"}],"twitter_card":"summary_large_image","twitter_misc":{"Est. reading time":"2 minutes"},"schema":{"@context":"https:\/\/schema.org","@graph":[{"@type":"WebPage","@id":"https:\/\/rki.krtk.hun-ren.hu\/en\/projektek\/ce-responsible-empowering-social-business-in-central-europe-2019-2022\/","url":"https:\/\/rki.krtk.hun-ren.hu\/en\/projektek\/ce-responsible-empowering-social-business-in-central-europe-2019-2022\/","name":"CE RESPONSIBLE \u2013 EMPOWERING SOCIAL BUSINESS IN CENTRAL EUROPE (2019-2022) - RKI","isPartOf":{"@id":"https:\/\/rki.krtk.hun-ren.hu\/#website"},"primaryImageOfPage":{"@id":"https:\/\/rki.krtk.hun-ren.hu\/en\/projektek\/ce-responsible-empowering-social-business-in-central-europe-2019-2022\/#primaryimage"},"image":{"@id":"https:\/\/rki.krtk.hun-ren.hu\/en\/projektek\/ce-responsible-empowering-social-business-in-central-europe-2019-2022\/#primaryimage"},"thumbnailUrl":"https:\/\/rki.krtk.hun-ren.hu\/wp-content\/uploads\/2022\/08\/CE-RESPONSIBLE-RGB.jpg","datePublished":"2022-08-11T17:22:55+00:00","dateModified":"2023-01-25T15:10:08+00:00","inLanguage":"en-US","potentialAction":[{"@type":"ReadAction","target":["https:\/\/rki.krtk.hun-ren.hu\/en\/projektek\/ce-responsible-empowering-social-business-in-central-europe-2019-2022\/"]}]},{"@type":"ImageObject","inLanguage":"en-US","@id":"https:\/\/rki.krtk.hun-ren.hu\/en\/projektek\/ce-responsible-empowering-social-business-in-central-europe-2019-2022\/#primaryimage","url":"https:\/\/rki.krtk.hun-ren.hu\/wp-content\/uploads\/2022\/08\/CE-RESPONSIBLE-RGB.jpg","contentUrl":"https:\/\/rki.krtk.hun-ren.hu\/wp-content\/uploads\/2022\/08\/CE-RESPONSIBLE-RGB.jpg","width":793,"height":299},{"@type":"WebSite","@id":"https:\/\/rki.krtk.hun-ren.hu\/#website","url":"https:\/\/rki.krtk.hun-ren.hu\/","name":"RKI","description":"Region\u00e1lis Kutat\u00e1sok Int\u00e9zete","potentialAction":[{"@type":"SearchAction","target":{"@type":"EntryPoint","urlTemplate":"https:\/\/rki.krtk.hun-ren.hu\/?s={search_term_string}"},"query-input":{"@type":"PropertyValueSpecification","valueRequired":true,"valueName":"search_term_string"}}],"inLanguage":"en-US"}]}},"_links":{"self":[{"href":"https:\/\/rki.krtk.hun-ren.hu\/en\/wp-json\/wp\/v2\/projektek\/5717","targetHints":{"allow":["GET"]}}],"collection":[{"href":"https:\/\/rki.krtk.hun-ren.hu\/en\/wp-json\/wp\/v2\/projektek"}],"about":[{"href":"https:\/\/rki.krtk.hun-ren.hu\/en\/wp-json\/wp\/v2\/types\/projektek"}],"wp:featuredmedia":[{"embeddable":true,"href":"https:\/\/rki.krtk.hun-ren.hu\/en\/wp-json\/wp\/v2\/media\/5718"}],"wp:attachment":[{"href":"https:\/\/rki.krtk.hun-ren.hu\/en\/wp-json\/wp\/v2\/media?parent=5717"}],"wp:term":[{"taxonomy":"category","embeddable":true,"href":"https:\/\/rki.krtk.hun-ren.hu\/en\/wp-json\/wp\/v2\/categories?post=5717"}],"curies":[{"name":"wp","href":"https:\/\/api.w.org\/{rel}","templated":true}]}}

<p>Even though the project CE Responsible has ended in March 2022, it continues to connect successful entrepreneurs with social entrepreneurs through a developed platform, to make strong, long-term connections. It&#8217;s a win-win situation: while social entrepreneurs gain the knowledge and expertise they need, successful entrepreneurs create a new business environment and improve positive social impact. The main output enabling the synergies is the <a href="https://net4socialimpact.eu/">net4socialimpact.eu</a> platform. The website also contains coaching toolboxes and resources for both social entrepreneurs and altruistic ones.</p>
<p>Very proud end-result of the project is also our Altruistic entrepreneurs’ international association, whose objective is to establish a common platform in Central Europe for the promotion of altruistic entrepreneurship and encouraging long-term cooperation between altruistic and social entrepreneurs. <a href="https://net4socialimpact.eu/">You can join it here</a>, and become a part of the story!</p>
<p>Project partners also developed and implemented three strategic documents for improving skills and competences which are: Central Europe roadmap for upscaling support to social entrepreneurship sector, Central Europe sustainable framework model supporting specifics of social entrepreneurship and Policy recommendations. In order to test the functionality of the resources and toolboxes, 11 project partners successfully implemented seven pilot actions for testing these tools, supporting both target groups in the process and building the initial network of entrepreneurs across Central Europe.</p>
<p><span class="TextRun SCXW109857533 BCX0" lang="HU-HU" xml:lang="HU-HU" data-contrast="none"><span class="NormalTextRun SCXW109857533 BCX0">The </span><span class="SpellingError SCXW109857533 BCX0">research</span><span class="NormalTextRun SCXW109857533 BCX0"> project is </span><span class="SpellingError SCXW109857533 BCX0">funded</span> <span class="SpellingError SCXW109857533 BCX0">by</span> <span class="SpellingError SCXW109857533 BCX0">the <strong>Interreg Central Europe</strong></span></span><span class="LineBreakBlob BlobObject DragDrop SCXW109857533 BCX0"><br class="SCXW109857533 BCX0" /></span><span class="TextRun SCXW109857533 BCX0" lang="HU-HU" xml:lang="HU-HU" data-contrast="none"><span class="NormalTextRun SCXW109857533 BCX0">Duration: </span></span><strong><span class="TextRun SCXW109857533 BCX0" lang="HU-HU" xml:lang="HU-HU" data-contrast="none"><span class="NormalTextRun SCXW109857533 BCX0">01.04</span><span class="NormalTextRun SCXW109857533 BCX0">.2019 – 31.03.2022</span></span></strong><span class="LineBreakBlob BlobObject DragDrop SCXW109857533 BCX0"><br class="SCXW109857533 BCX0" /></span><span class="TextRun SCXW109857533 BCX0" lang="HU-HU" xml:lang="HU-HU" data-contrast="none"><span class="SpellingError SCXW109857533 BCX0">Leader</span><span class="NormalTextRun SCXW109857533 BCX0"> of </span><span class="SpellingError SCXW109857533 BCX0">the</span><span class="NormalTextRun SCXW109857533 BCX0"> project:</span></span> <strong><span class="TextRun SCXW109857533 BCX0" lang="HU-HU" xml:lang="HU-HU" data-contrast="auto"><span class="SpellingError SCXW109857533 BCX0">E-Institute Institute for Comprehensive Development Solutions (Slovenia)</span></span></strong><span class="LineBreakBlob BlobObject DragDrop SCXW109857533 BCX0"><br class="SCXW109857533 BCX0" /></span><span class="TextRun SCXW109857533 BCX0" lang="HU-HU" xml:lang="HU-HU" data-contrast="none"><span class="NormalTextRun SCXW109857533 BCX0">Head of </span><span class="SpellingError SCXW109857533 BCX0">Hungarian</span> <span class="SpellingError SCXW109857533 BCX0">research</span> <span class="SpellingError SCXW109857533 BCX0">group</span><span class="NormalTextRun SCXW109857533 BCX0">:<strong> Tamás Hardi and Boglárka Barsi </strong></span></span><span class="LineBreakBlob BlobObject DragDrop SCXW109857533 BCX0"><br class="SCXW109857533 BCX0" /></span><a href="https://www.interreg-central.eu/Content.Node/CE-RESPONSIBLE.html?fbclid=IwAR0dW17QMsRy5AKErSet7_JGZcgWmTu_7zsRCrY1UaL1g8fsx4oj2aC4N5c" target="_blank" rel="noopener"><span class="TextRun SCXW109857533 BCX0" lang="HU-HU" xml:lang="HU-HU" data-contrast="auto"><span class="NormalTextRun SCXW109857533 BCX0">Website of </span><span class="SpellingError SCXW109857533 BCX0">the</span><span class="NormalTextRun SCXW109857533 BCX0"> project</span></span><span class="EOP SCXW109857533 BCX0" data-ccp-props="{&quot;201341983&quot;:0,&quot;335559739&quot;:160,&quot;335559740&quot;:259}"> </span></a></p>

<!-- This site is optimized with the Yoast SEO plugin v27.3 - https://yoast.com/product/yoast-seo-wordpress/ -->
<title>CE RESPONSIBLE – EMPOWERING SOCIAL BUSINESS IN CENTRAL EUROPE (2019-2022) - RKI</title>
<meta name="robots" content="index, follow, max-snippet:-1, max-image-preview:large, max-video-preview:-1" />
<link rel="canonical" href="https://rki.krtk.hun-ren.hu/en/projektek/ce-responsible-empowering-social-business-in-central-europe-2019-2022/" />
<meta property="og:locale" content="en_US" />
<meta property="og:type" content="article" />
<meta property="og:title" content="CE RESPONSIBLE – EMPOWERING SOCIAL BUSINESS IN CENTRAL EUROPE (2019-2022) - RKI" />
<meta property="og:description" content="CE Responsible - Empowering Social Business in Central Europe project was funded by Interreg Central Europe" />
<meta property="og:url" content="https://rki.krtk.hun-ren.hu/en/projektek/ce-responsible-empowering-social-business-in-central-europe-2019-2022/" />
<meta property="og:site_name" content="RKI" />
<meta property="article:modified_time" content="2023-01-25T15:10:08+00:00" />
<meta property="og:image" content="https://rki.krtk.hun-ren.hu/wp-content/uploads/2022/08/CE-RESPONSIBLE-RGB.jpg" />
	<meta property="og:image:width" content="793" />
	<meta property="og:image:height" content="299" />
	<meta property="og:image:type" content="image/jpeg" />
<meta name="twitter:card" content="summary_large_image" />
<meta name="twitter:label1" content="Est. reading time" />
	<meta name="twitter:data1" content="2 minutes" />
<script type="application/ld+json" class="yoast-schema-graph">{"@context":"https:\/\/schema.org","@graph":[{"@type":"WebPage","@id":"https:\/\/rki.krtk.hun-ren.hu\/en\/projektek\/ce-responsible-empowering-social-business-in-central-europe-2019-2022\/","url":"https:\/\/rki.krtk.hun-ren.hu\/en\/projektek\/ce-responsible-empowering-social-business-in-central-europe-2019-2022\/","name":"CE RESPONSIBLE – EMPOWERING SOCIAL BUSINESS IN CENTRAL EUROPE (2019-2022) - RKI","isPartOf":{"@id":"https:\/\/rki.krtk.hun-ren.hu\/#website"},"primaryImageOfPage":{"@id":"https:\/\/rki.krtk.hun-ren.hu\/en\/projektek\/ce-responsible-empowering-social-business-in-central-europe-2019-2022\/#primaryimage"},"image":{"@id":"https:\/\/rki.krtk.hun-ren.hu\/en\/projektek\/ce-responsible-empowering-social-business-in-central-europe-2019-2022\/#primaryimage"},"thumbnailUrl":"https:\/\/rki.krtk.hun-ren.hu\/wp-content\/uploads\/2022\/08\/CE-RESPONSIBLE-RGB.jpg","datePublished":"2022-08-11T17:22:55+00:00","dateModified":"2023-01-25T15:10:08+00:00","inLanguage":"en-US","potentialAction":[{"@type":"ReadAction","target":["https:\/\/rki.krtk.hun-ren.hu\/en\/projektek\/ce-responsible-empowering-social-business-in-central-europe-2019-2022\/"]}]},{"@type":"ImageObject","inLanguage":"en-US","@id":"https:\/\/rki.krtk.hun-ren.hu\/en\/projektek\/ce-responsible-empowering-social-business-in-central-europe-2019-2022\/#primaryimage","url":"https:\/\/rki.krtk.hun-ren.hu\/wp-content\/uploads\/2022\/08\/CE-RESPONSIBLE-RGB.jpg","contentUrl":"https:\/\/rki.krtk.hun-ren.hu\/wp-content\/uploads\/2022\/08\/CE-RESPONSIBLE-RGB.jpg","width":793,"height":299},{"@type":"WebSite","@id":"https:\/\/rki.krtk.hun-ren.hu\/#website","url":"https:\/\/rki.krtk.hun-ren.hu\/","name":"RKI","description":"Regionális Kutatások Intézete","potentialAction":[{"@type":"SearchAction","target":{"@type":"EntryPoint","urlTemplate":"https:\/\/rki.krtk.hun-ren.hu\/?s={search_term_string}"},"query-input":{"@type":"PropertyValueSpecification","valueRequired":true,"valueName":"search_term_string"}}],"inLanguage":"en-US"}]}</script>
<!-- / Yoast SEO plugin. -->

Regionális Kutatások Intézete
